{"id":82,"date":"2014-07-06T21:08:30","date_gmt":"2014-07-06T20:08:30","guid":{"rendered":"http:\/\/reinodeaksum.wordpress.com\/?page_id=82"},"modified":"2014-07-06T21:08:30","modified_gmt":"2014-07-06T20:08:30","slug":"historia-etiope","status":"publish","type":"page","link":"https:\/\/www.reinodeaksum.com\/?page_id=82","title":{"rendered":"Historia et\u00edope"},"content":{"rendered":"<div id=\"attachment_152\" style=\"width: 686px\" class=\"wp-caption aligncenter\"><a href=\"https:\/\/reinodeaksum.files.wordpress.com\/2014\/07\/nasa_horn_of_africa.jpg\"><img loading=\"lazy\" decoding=\"async\" aria-describedby=\"caption-attachment-152\" class=\"wp-image-152 size-large\" src=\"http:\/\/reinodeaksum.files.wordpress.com\/2014\/07\/nasa_horn_of_africa.jpg?w=676\" alt=\"Nasa_Horn_of_Africa\" width=\"676\" height=\"614\" \/><\/a><p id=\"caption-attachment-152\" class=\"wp-caption-text\">Vista del Cuerno de \u00c1frica. Falta, sin embargo, la parte norte de Eritrea. Fuente: <a href=\"http:\/\/upload.wikimedia.org\/wikipedia\/commons\/2\/23\/Nasa_Horn_of_Africa.JPG\">Wikipedia<\/a><\/p><\/div>\n<p style=\"text-align:justify;\">Pese a ser la m\u00e1s estudiada de toda \u00c1frica, la Historia et\u00edope sigue siendo una gran desconocida para el p\u00fablico hispanohablante. Sin embargo, es de una riqueza y variedad tal que la diferencian del resto de culturas de su regi\u00f3n, el Cuerno de \u00c1frica. En cada una de las subsecciones de este apartado podremos ir descubriendo c\u00f3mo se han desarrollado las civilizaciones aut\u00f3ctonas, las claves que permitieron que unas triunfasen mientras otras desaparec\u00edan, y el impacto que han tenido en Etiop\u00eda las culturas for\u00e1neas a trav\u00e9s del intercambio cultural o la conquista.<\/p>\n","protected":false},"excerpt":{"rendered":"<p>Pese a ser la m\u00e1s estudiada de toda \u00c1frica, la Historia et\u00edope sigue siendo una gran desconocida para el p\u00fablico hispanohablante. Sin embargo, es de una riqueza y variedad tal que la diferencian del resto de culturas de su regi\u00f3n, el Cuerno de \u00c1frica. En cada una de las subsecciones de este apartado podremos ir [&hellip;]<\/p>\n","protected":false},"author":3,"featured_media":0,"parent":0,"menu_order":0,"comment_status":"open","ping_status":"open","template":"","meta":{"jetpack_post_was_ever_published":false,"footnotes":""},"class_list":["post-82","page","type-page","status-publish","hentry","post-preview"],"jetpack_sharing_enabled":true,"jetpack_shortlink":"https:\/\/wp.me\/P7tVnN-1k","_links":{"self":[{"href":"https:\/\/www.reinodeaksum.com\/index.php?rest_route=\/wp\/v2\/pages\/82","targetHints":{"allow":["GET"]}}],"collection":[{"href":"https:\/\/www.reinodeaksum.com\/index.php?rest_route=\/wp\/v2\/pages"}],"about":[{"href":"https:\/\/www.reinodeaksum.com\/index.php?rest_route=\/wp\/v2\/types\/page"}],"author":[{"embeddable":true,"href":"https:\/\/www.reinodeaksum.com\/index.php?rest_route=\/wp\/v2\/users\/3"}],"replies":[{"embeddable":true,"href":"https:\/\/www.reinodeaksum.com\/index.php?rest_route=%2Fwp%2Fv2%2Fcomments&post=82"}],"version-history":[{"count":0,"href":"https:\/\/www.reinodeaksum.com\/index.php?rest_route=\/wp\/v2\/pages\/82\/revisions"}],"wp:attachment":[{"href":"https:\/\/www.reinodeaksum.com\/index.php?rest_route=%2Fwp%2Fv2%2Fmedia&parent=82"}],"curies":[{"name":"wp","href":"https:\/\/api.w.org\/{rel}","templated":true}]}}